{"id":59,"date":"2018-03-24T12:58:09","date_gmt":"2018-03-24T11:58:09","guid":{"rendered":"http:\/\/neu.hundefreunde-erbach.com\/?page_id=59"},"modified":"2018-04-13T15:12:50","modified_gmt":"2018-04-13T14:12:50","slug":"galerie","status":"publish","type":"page","link":"http:\/\/www.hundefreunde-erbach.com\/?page_id=59","title":{"rendered":"Galerie"},"content":{"rendered":"<p>Mit unseren Bildergalerien k\u00f6nnen Sie sich selbst einen \u00dcberblick zum bunten Treiben auf und rund um unser Vereinsgel\u00e4nde herum verschaffen.<\/p>\n<table style=\"height: 230px;\" border=\"0\" width=\"300\" cellspacing=\"0\" cellpadding=\"0\">\n<tbody>\n<tr>\n<td>\n<p><figure id=\"attachment_296\" aria-describedby=\"caption-attachment-296\" style=\"width: 150px\" class=\"wp-caption aligncenter\"><a href=\"http:\/\/neu.hundefreunde-erbach.com\/?page_id=239\"><img loading=\"lazy\" decoding=\"async\" class=\"wp-image-296 size-thumbnail\" src=\"http:\/\/neu.hundefreunde-erbach.com\/wp-content\/uploads\/2018\/04\/Snap_Training_2017-04-09_5-150x150.jpg\" alt=\"\" width=\"150\" height=\"150\" srcset=\"http:\/\/www.hundefreunde-erbach.com\/wp-content\/uploads\/2018\/04\/Snap_Training_2017-04-09_5-150x150.jpg 150w, http:\/\/www.hundefreunde-erbach.com\/wp-content\/uploads\/2018\/04\/Snap_Training_2017-04-09_5-100x100.jpg 100w\" sizes=\"auto, (max-width: 150px) 100vw, 150px\" \/><\/a><figcaption id=\"caption-attachment-296\" class=\"wp-caption-text\">Schnappsch\u00fcsse<\/figcaption><\/figure><\/td>\n<td>\n<p><figure id=\"attachment_257\" aria-describedby=\"caption-attachment-257\" style=\"width: 150px\" class=\"wp-caption aligncenter\"><a href=\"http:\/\/neu.hundefreunde-erbach.com\/?page_id=226\"><img loading=\"lazy\" decoding=\"async\" class=\"wp-image-257 size-thumbnail\" src=\"http:\/\/neu.hundefreunde-erbach.com\/wp-content\/uploads\/2018\/04\/Rallye_2017_P1030776-150x150.jpg\" alt=\"\" width=\"150\" height=\"150\" srcset=\"http:\/\/www.hundefreunde-erbach.com\/wp-content\/uploads\/2018\/04\/Rallye_2017_P1030776-150x150.jpg 150w, http:\/\/www.hundefreunde-erbach.com\/wp-content\/uploads\/2018\/04\/Rallye_2017_P1030776-100x100.jpg 100w\" sizes=\"auto, (max-width: 150px) 100vw, 150px\" \/><\/a><figcaption id=\"caption-attachment-257\" class=\"wp-caption-text\">Hunderallye 2017<\/figcaption><\/figure><\/td>\n<\/tr>\n<tr>\n<td><\/td>\n<td><\/td>\n<\/tr>\n<\/tbody>\n<\/table>\n<p>&nbsp;<\/p>\n","protected":false},"excerpt":{"rendered":"<p>Mit unseren Bildergalerien k\u00f6nnen Sie sich selbst einen \u00dcberblick zum bunten Treiben auf und rund um unser Vereinsgel\u00e4nde herum verschaffen. &nbsp;<\/p>\n","protected":false},"author":1,"featured_media":0,"parent":0,"menu_order":0,"comment_status":"closed","ping_status":"closed","template":"","meta":{"_bbp_topic_count":0,"_bbp_reply_count":0,"_bbp_total_topic_count":0,"_bbp_total_reply_count":0,"_bbp_voice_count":0,"_bbp_anonymous_reply_count":0,"_bbp_topic_count_hidden":0,"_bbp_reply_count_hidden":0,"_bbp_forum_subforum_count":0,"footnotes":""},"class_list":["post-59","page","type-page","status-publish","hentry"],"_links":{"self":[{"href":"http:\/\/www.hundefreunde-erbach.com\/index.php?rest_route=\/wp\/v2\/pages\/59","targetHints":{"allow":["GET"]}}],"collection":[{"href":"http:\/\/www.hundefreunde-erbach.com\/index.php?rest_route=\/wp\/v2\/pages"}],"about":[{"href":"http:\/\/www.hundefreunde-erbach.com\/index.php?rest_route=\/wp\/v2\/types\/page"}],"author":[{"embeddable":true,"href":"http:\/\/www.hundefreunde-erbach.com\/index.php?rest_route=\/wp\/v2\/users\/1"}],"replies":[{"embeddable":true,"href":"http:\/\/www.hundefreunde-erbach.com\/index.php?rest_route=%2Fwp%2Fv2%2Fcomments&post=59"}],"version-history":[{"count":14,"href":"http:\/\/www.hundefreunde-erbach.com\/index.php?rest_route=\/wp\/v2\/pages\/59\/revisions"}],"predecessor-version":[{"id":361,"href":"http:\/\/www.hundefreunde-erbach.com\/index.php?rest_route=\/wp\/v2\/pages\/59\/revisions\/361"}],"wp:attachment":[{"href":"http:\/\/www.hundefreunde-erbach.com\/index.php?rest_route=%2Fwp%2Fv2%2Fmedia&parent=59"}],"curies":[{"name":"wp","href":"https:\/\/api.w.org\/{rel}","templated":true}]}}